- 3. Let z be g(6). What is the units digit of -2 - (-7)/(4 - z)?
5
What is the units digit of ((-21)/(-6) - 3)/(1/114)?
7
Let m(d) = -d**3 + 7*d**3 - 9*d**2 + d - 7 - 3*d**3 - 2*d**3. What is the units digit of m(9)?
2
Let k = -1 + 4. What is the tens digit of 24/k*85/20?
3
Suppose 3*w = 202 + 206. What is the units digit of w?
6
Suppose 2*z - z - 1 = 0. Let w(r) = 3 - z + r + r. What is the units digit of w(3)?
8
Let o = -2 + 4. What is the units digit of 2 + (o - 2) - -2?
4
Let u = 192 - -54. What is the units digit of u?
6
Let p(d) = -23*d - 23. What is the hundreds digit of p(-6)?
1
Suppose 0*g - 4 = 2*g. Let t = 6 + g. Suppose -6 = -2*w, 4*b - 2*w + t = 2. What is the units digit of b?
1
Suppose -2*u = -0*u + 4. Let r = -2 - u. Suppose 3*g - g - 10 = r. What is the units digit of g?
5
What is the tens digit of (-2)/((-16)/1012) + 2/(-4)?
2
Suppose -2*p = -6*p - 32. Let n(i) = -5*i - 9. What is the units digit of n(p)?
1
Suppose 2*y = -y + 9. Suppose -140 = y*b + 2*b. Let z = -12 - b. What is the tens digit of z?
1
Let f = 7 - 1. Suppose 3*h + 24 + f = 0. What is the units digit of 301/35 - 4/h?
9
Suppose -5*h + a = -93, h - 4*a - 48 = -h. Suppose t + 0*t = h. What is the tens digit of t?
1
Suppose -2*d + 15 - 5 = 0. Suppose d*l - 4 + 24 = 0. What is the units digit of (l/2)/(4/(-10))?
5
Suppose -5*w + 5*g + 35 = g, -4*w - 3*g + 59 = 0. Suppose -23 = -2*z + w. What is the tens digit of z?
1
Suppose 0*h + 5*h - 3*s = 69, -4 = -2*s. What is the units digit of h?
5
Let l(x) = 2*x**2 + 3*x + 2. Let g be 1/((-4)/(-12)*-1). What is the units digit of l(g)?
1
Suppose -4*v = 4*s - s - 5, v = -2*s - 5. Let t = -4 + 7. Let m = v + t. What is the units digit of m?
8
Suppose 0 = b + 4*b - 10. Let h be 2/4 - (-3)/b. Suppose h*u - 3 = s, -s - 1 = -3*u + 5. What is the units digit of u?
3
Let y = -173 + 264. What is the tens digit of y?
9
Let d(t) = 3*t - 2. What is the tens digit of d(12)?
3
Let j = 133 + -115. Suppose 0 = -u + 2, u - 5*u + 33 = -5*c. Let m = j + c. What is the tens digit of m?
1
Let y be (-1)/5 + 16/5. Suppose -d - 4*t = -2*t + y, 5*d + 4*t - 9 = 0. What is the units digit of d?
5
Let m = -6 - -8. Suppose -15 = j - m*j. What is the tens digit of j?
1
What is the units digit of (208 + 2)/3 - -2?
2
Suppose 3*w = 117 + 33. What is the tens digit of w?
5
Let l = -12 - -9. What is the units digit of l/(-1)*(-3 - -8)?
5
Suppose -3*i - 12 = -0*i, -3*y = -2*i - 14. What is the units digit of -1 - (y + 1 + -25)?
1
Suppose p = -3*x + 174, x + 2*p - 234 = -3*x. What is the units digit of x?
7
Let c = 3 + -7. Let d = 0 + 5. Let n = d + c. What is the units digit of n?
1
Suppose -39 = -4*y + 113. What is the units digit of y?
8
Suppose 176 = 2*y + 4*q, -y + 4*q - 340 = -5*y. What is the tens digit of y?
8
Let u(s) be the second derivative of s**4/12 + 4*s**3/3 + 5*s**2 + 4*s. What is the units digit of u(-10)?
0
Let d(f) = -2*f - 1. Let l be d(-3). Suppose -4*p + 43 = 4*y + p, p + l = 0. What is the tens digit of y?
1
Let l(s) = 5*s - 5 + 5. Let u be l(1). Suppose -15 = -u*v - 0. What is the units digit of v?
3
Suppose 4*f + 12 = -i, -2*f + 3*i + 4 = i. Let n = 2 + f. Let v = 13 - n. What is the tens digit of v?
1
Suppose 2*h - 2*t - 76 = 2*t, 0 = 3*t - 6. What is the units digit of h?
2
Suppose -3*t + p + 2*p + 21 = 0, p + 13 = 2*t. Let o = t + -13. Let u = 8 - o. What is the tens digit of u?
1
Suppose 3*u - 6 = 6. Suppose -3*v + 4 = 5*o - 32, 4*v - 24 = -u*o. What is the units digit of o?
9
Let j(n) = -n + 14. Let m be j(9). Let v(x) = -x**2 + 6*x + 2. What is the units digit of v(m)?
7
What is the units digit of (4/1)/(16/72)?
8
What is the tens digit of ((-228)/8)/(6/(-8))?
3
Let b = 0 + 4. Suppose -b = 2*t - 6. Let w = t + 1. What is the units digit of w?
2
Let l(b) = -b**3 - 11*b**2 - b - 9. Let g be l(-11). Let t be 6 + 0 + -1 + g. Let p(f) = -f**2 + 6*f + 9. What is the units digit of p(t)?
2
Let w be (-2)/10 - (-152)/10. Suppose f = 2*f - w. What is the tens digit of f?
1
Let o(l) = -3*l - 2. Suppose 2 = 2*h - 0. Let p be ((-2)/4)/(h/8). What is the units digit of o(p)?
0
Suppose -3*d + 3*g = -18, 5*g - 3*g + 10 = d. Suppose 0 = -d*q + q + 36. What is the tens digit of q?
3
Let r(j) = 2*j**3 - 4*j**2 + 5*j - 4. Let k be r(3). Suppose k = 5*c - 46. What is the units digit of c?
5
Let a(n) = -n**3 - 4*n**2 + 7*n + 3. Let f(x) = -3*x**2 - 2*x + 2. Let c be f(-2). What is the units digit of a(c)?
3
What is the hundreds digit of ((-1)/3)/(7/(-2562))?
1
Suppose 2*f - 17 = -4*v - f, 2*f - 23 = -5*v. Suppose 3*n - 54 = -z, 2*n - v*n = -3*z - 54. What is the tens digit of n?
1
Let t = -73 + 131. Suppose -2*z = -3*g + t, 2*g - 5*z + 62 = 6*g. What is the units digit of g?
8
Suppose 72 = l + 2*w, 0 = -4*l - w + 54 + 255. What is the units digit of l?
8
What is the tens digit of 45 + 2*2/4?
4
What is the tens digit of 1*(0 + -18)*(-7 - -3)?
7
Suppose -o + 102 = 3*w, -2*w = -3*w + o + 30. What is the tens digit of w?
3
Suppose 2*q + q - 67 = 4*s, 0 = 4*q - 3*s - 101. What is the units digit of q?
9
Let k = 31 + -22. Suppose -4*f + k*f = 10. What is the units digit of 9*f*(-2)/(-4)?
9
Suppose -2*n - 5*c = -159, -5*c - 6 - 19 = 0. What is the tens digit of n?
9
What is the units digit of 86/(-4)*(-3 - -1)?
3
Let k = -2 - 15. Let z = k - -33. What is the tens digit of z?
1
Suppose -2*h = -0*h - 10, -4*i = h - 5. What is the tens digit of i + 9*(3 - 0)?
2
Suppose 0 = 2*w + 5*k - 31, w + w - k = 1. Suppose 0 = -7*q + w*q + 56. What is the tens digit of q?
1
Suppose -3*m - 4*j + 129 = -7*j, 126 = 3*m - 4*j. What is the units digit of m?
6
Suppose 0*u + 5*u - p - 3 = 0, 2*u + 5*p = -15. Suppose -13 = q - 3*g, q + 0*g - 5*g + 21 = u. Let m = q + 8. What is the units digit of m?
7
Let k = -20 + 31. Let u = k + 0. What is the units digit of u?
1
Suppose 3*g + 5*z - 2*z + 9 = 0, -g = 5*z + 19. Let j be (-4)/(-24) + (-39)/18. Let h = g - j. What is the units digit of h?
3
What is the units digit of 1/((-358)/359 + 1)?
9
Suppose -1059 = -15*t + 3561. What is the hundreds digit of t?
3
Suppose -4*z - 15 = -z, 2*z - 30 = 4*h. Let i(r) = r**2 + 13*r + 15. Let u be i(h). Let n = u - -28. What is the units digit of n?
3
Let z be (3 + 1)*25/2. Suppose 2*w - z = -3*w. What is the units digit of w?
0
Let g(b) = -b**2 - 9*b + 2. Suppose -4*x - 57 = -5*k, 5*x + 3*k = -0*k - 25. What is the tens digit of g(x)?
1
Let s(q) = 53*q**2 + 3*q + 2. What is the tens digit of s(2)?
2
What is the hundreds digit of (-2 + 3)*105 - -3?
1
Suppose 0 = -3*c + 272 - 38. What is the units digit of c?
8
Let i(r) = r**2 - 10*r + 30. What is the tens digit of i(13)?
6
Let u be (1/(-2))/(3/(-30)). Let v = 1 - 1. Suppose -5*g + 16 = -3*a, v*a - u*a - g + 20 = 0. What is the units digit of a?
3
Suppose 22 = 2*f + 3*r - r, -6 = -2*r. Let t = f - 5. What is the units digit of t?
3
Let m(z) = -2*z**2 + 1 - 6 + 2*z**3 + z + 3. What is the units digit of m(2)?
8
Suppose 0*r + 530 = 5*r. Suppose -s = -p - 3*p + 92, -s = 5*p - r. What is the units digit of p?
2
Let o(u) = -u**3 + 7*u**2 + 3*u - 2. Let i = 5 + 2. What is the units digit of o(i)?
9
Let l(m) = 14*m**2 - 4*m + 8. What is the tens digit of l(4)?
1
Let l(c) = 46*c. Let y be l(-1). Let a = y - -20. Let u = 36 + a. What is the units digit of u?
0
Suppose 2*f = -3*f. Suppose f*l = 2*l - 6. Suppose -38 = -l*s - 14. What is the units digit of s?
8
Suppose 2*p - 12 = -p. Suppose r - 2 = -3*o, -p*o - 1 = 3. Suppose 4*j - 10 - 1 = r*s, 5*s - 1 = j. What is the units digit of j?
4
Suppose 2*w = 5*n - 0*w - 23, -3*n + 17 = 2*w. What is the units digit of n?
5
Let o(d) = 2*d + 1. Let b be o(1). Suppose -b*a = -6*a + 60. Suppose x = 3*x - a. What is the units digit of x?
0
Suppose 2*a - 5*r = a - 4, 2*r + 95 = 5*a. What is the tens digit of a?
2
Let o be 2*(0 - -1)*2. Suppose 0 = j + j - 4*g + 184, o*j + 3*g = -423. What is the tens digit of (-2)/(-6)*j/(-2)?
1
Suppose 7*s = -2*s + 549. What is the tens digit of s?
6
Let u(d) = -11*d - 9. Let w be u(-7). Suppose 3*a + w - 212 = 0. What is the units digit of a?
8
Let r be 1/(2 + 0)*8. Suppose -5*c = -r - 11. Suppose 0 = c*a - 8*a + 100. What is the units digit of a?
0
Suppose -5*m + 0*m = 2*p - 977, 2 = 2*p. What is the tens digit of m?
9
Suppose -g = -5*y - 190, -366 = -2*g - 2*y - 2*y. What is the te